{"id":3361,"date":"2025-08-27T20:41:20","date_gmt":"2025-08-27T18:41:20","guid":{"rendered":"https:\/\/honvedelmipark.hu\/khp\/?post_type=product&#038;p=3361"},"modified":"2025-08-28T17:45:26","modified_gmt":"2025-08-28T15:45:26","slug":"taktikai-csomag-14-ev","status":"publish","type":"product","link":"https:\/\/honvedelmipark.hu\/khp\/termek\/taktikai-csomag-14-ev\/","title":{"rendered":"Taktikai csomag (14+ \u00e9v)"},"content":{"rendered":"<p>A Taktikai csomag a katonai gondolkod\u00e1s \u00e9s m\u0171veletek val\u00f3s\u00e1gh\u0171 szimul\u00e1ci\u00f3j\u00e1t ny\u00fajtja. A program er\u0151nl\u00e9ti \u00e1llom\u00e1sokkal indul, majd a r\u00e9sztvev\u0151k a zipline p\u00e1ly\u00e1n bizony\u00edthatj\u00e1k b\u00e1tors\u00e1gukat. A hat\u00e1rv\u00e9delmi buggy \u00e9lm\u00e9ny sor\u00e1n a csapat tagjai airsoft fegyverekkel pr\u00f3b\u00e1lj\u00e1k ki a j\u00e1rm\u0171b\u0151l val\u00f3 c\u00e9lz\u00e1st. A program cs\u00facspontja a CQB t\u00faszment\u00e9s, ahol a gyors reag\u00e1l\u00e1s, a fegyelmezett csapatmunka \u00e9s a taktikai gondolkod\u00e1s elengedhetetlen a sikerhez. Ez a csomag ide\u00e1lis v\u00e1laszt\u00e1s azoknak, akik szeretn\u00e9k kipr\u00f3b\u00e1lni, milyen \u00e9rz\u00e9s egy katonai alakulat tagjak\u00e9nt v\u00e9grehajtani egy \u00e9les bevet\u00e9st.<\/p>\n","protected":false},"excerpt":{"rendered":"<p>Katona\u00e9lm\u00e9ny a jav\u00e1b\u00f3l. A r\u00e9sztvev\u0151k er\u0151nl\u00e9ti \u00e1llom\u00e1son kezdenek, majd zipline p\u00e1ly\u00e1n tesztelik b\u00e1tors\u00e1gukat. Ezt k\u00f6veti a hat\u00e1rv\u00e9delmi airsoft buggy, v\u00e9g\u00fcl egy CQB t\u00faszment\u00e9s z\u00e1rja a programot.<\/p>\n","protected":false},"featured_media":71,"comment_status":"open","ping_status":"closed","template":"","meta":{"_acf_changed":false},"product_brand":[],"product_cat":[34],"product_tag":[],"class_list":{"0":"post-3361","1":"product","2":"type-product","3":"status-publish","4":"has-post-thumbnail","6":"product_cat-egyeb","8":"first","9":"instock","10":"downloadable","11":"virtual","12":"product-type-simple"},"acf":[],"_links":{"self":[{"href":"https:\/\/honvedelmipark.hu\/khp\/wp-json\/wp\/v2\/product\/3361","targetHints":{"allow":["GET"]}}],"collection":[{"href":"https:\/\/honvedelmipark.hu\/khp\/wp-json\/wp\/v2\/product"}],"about":[{"href":"https:\/\/honvedelmipark.hu\/khp\/wp-json\/wp\/v2\/types\/product"}],"replies":[{"embeddable":true,"href":"https:\/\/honvedelmipark.hu\/khp\/wp-json\/wp\/v2\/comments?post=3361"}],"wp:featuredmedia":[{"embeddable":true,"href":"https:\/\/honvedelmipark.hu\/khp\/wp-json\/wp\/v2\/media\/71"}],"wp:attachment":[{"href":"https:\/\/honvedelmipark.hu\/khp\/wp-json\/wp\/v2\/media?parent=3361"}],"wp:term":[{"taxonomy":"product_brand","embeddable":true,"href":"https:\/\/honvedelmipark.hu\/khp\/wp-json\/wp\/v2\/product_brand?post=3361"},{"taxonomy":"product_cat","embeddable":true,"href":"https:\/\/honvedelmipark.hu\/khp\/wp-json\/wp\/v2\/product_cat?post=3361"},{"taxonomy":"product_tag","embeddable":true,"href":"https:\/\/honvedelmipark.hu\/khp\/wp-json\/wp\/v2\/product_tag?post=3361"}],"curies":[{"name":"wp","href":"https:\/\/api.w.org\/{rel}","templated":true}]}}