{"id":3359,"date":"2025-08-27T20:39:11","date_gmt":"2025-08-27T18:39:11","guid":{"rendered":"https:\/\/honvedelmipark.hu\/khp\/?post_type=product&#038;p=3359"},"modified":"2025-08-28T17:44:19","modified_gmt":"2025-08-28T15:44:19","slug":"kinder-kommando-csomag-8-14-ev","status":"publish","type":"product","link":"https:\/\/honvedelmipark.hu\/khp\/termek\/kinder-kommando-csomag-8-14-ev\/","title":{"rendered":"Kinder Kommand\u00f3 csomag (8\u201314 \u00e9v)"},"content":{"rendered":"<p>A legkisebbek sz\u00e1m\u00e1ra is van lehet\u0151s\u00e9g a katonai \u00e9lm\u00e9nyek vil\u00e1g\u00e1ba bepillantani \u2013 term\u00e9szetesen j\u00e1t\u00e9kos \u00e9s biztons\u00e1gos form\u00e1ban. A gyerek OCR p\u00e1lya sz\u00f3rakoztat\u00f3 akad\u00e1lyokkal v\u00e1rja a kis kalandorokat, ahol k\u00faszni, m\u00e1szni \u00e9s ugrani kell. A Nerf p\u00e1ly\u00e1n k\u00f6nny\u0171, habszivacs fegyverekkel csat\u00e1zhatnak, mik\u00f6zben megtanulj\u00e1k a csapatj\u00e1t\u00e9k alapjait. A VR l\u0151t\u00e9ren digit\u00e1lis \u00e9lm\u00e9ny v\u00e1rja \u0151ket, a r\u00f6vid buggy menet pedig igazi k\u00fcl\u00f6nlegess\u00e9g, amely garant\u00e1lt mosolyt csal az arcukra.<br \/>\nEz a csomag ide\u00e1lis v\u00e1laszt\u00e1s csal\u00e1doknak, akik szeretn\u00e9nek k\u00f6z\u00f6sen \u00e9lm\u00e9nyt gy\u0171jteni, mik\u00f6zben a gyerekek megtapasztalhatj\u00e1k a j\u00e1t\u00e9kos katonai kalandok vil\u00e1g\u00e1t.<\/p>\n","protected":false},"excerpt":{"rendered":"<p>Kifejezetten a gyerekeknek \u00f6ssze\u00e1ll\u00edtott kalandcsomag. A program r\u00e9sze a gyerek OCR p\u00e1lya, a sz\u00f3rakoztat\u00f3 Nerf csata, egy VR l\u00f6v\u00e9sz\u00e9lm\u00e9ny, valamint egy r\u00f6vid buggy vezet\u00e9s.<\/p>\n","protected":false},"featured_media":71,"comment_status":"open","ping_status":"closed","template":"","meta":{"_acf_changed":false},"product_brand":[],"product_cat":[34],"product_tag":[],"class_list":{"0":"post-3359","1":"product","2":"type-product","3":"status-publish","4":"has-post-thumbnail","6":"product_cat-egyeb","8":"first","9":"instock","10":"downloadable","11":"virtual","12":"product-type-simple"},"acf":[],"_links":{"self":[{"href":"https:\/\/honvedelmipark.hu\/khp\/wp-json\/wp\/v2\/product\/3359","targetHints":{"allow":["GET"]}}],"collection":[{"href":"https:\/\/honvedelmipark.hu\/khp\/wp-json\/wp\/v2\/product"}],"about":[{"href":"https:\/\/honvedelmipark.hu\/khp\/wp-json\/wp\/v2\/types\/product"}],"replies":[{"embeddable":true,"href":"https:\/\/honvedelmipark.hu\/khp\/wp-json\/wp\/v2\/comments?post=3359"}],"wp:featuredmedia":[{"embeddable":true,"href":"https:\/\/honvedelmipark.hu\/khp\/wp-json\/wp\/v2\/media\/71"}],"wp:attachment":[{"href":"https:\/\/honvedelmipark.hu\/khp\/wp-json\/wp\/v2\/media?parent=3359"}],"wp:term":[{"taxonomy":"product_brand","embeddable":true,"href":"https:\/\/honvedelmipark.hu\/khp\/wp-json\/wp\/v2\/product_brand?post=3359"},{"taxonomy":"product_cat","embeddable":true,"href":"https:\/\/honvedelmipark.hu\/khp\/wp-json\/wp\/v2\/product_cat?post=3359"},{"taxonomy":"product_tag","embeddable":true,"href":"https:\/\/honvedelmipark.hu\/khp\/wp-json\/wp\/v2\/product_tag?post=3359"}],"curies":[{"name":"wp","href":"https:\/\/api.w.org\/{rel}","templated":true}]}}